 Let w be (8/8)/(1/19). Let c = -13 + w. Give r(c).
2
Let q(u) = -8*u + 0*u + 2 + 0*u**2 + 5*u + 4*u**2 - u**3. What is q(3)?
2
Let m(a) = -a**2 - 4*a + 4. Let q = -49 - -43. Give m(q).
-8
Suppose 5*p + 10 = -2*d + 26, 4 = -2*d. Let k(i) = 10 + 4*i**2 - 4*i + p - 11. Determine k(2).
11
Let n(m) = m + 1. Suppose 2*a + 2*a = 5*c - 39, -a - 5*c + 9 = 0. Give n(a).
-5
Let l = -3 + 1. Let g(x) be the second derivative of x**4/4 + x**3/6 - x**2 - 45*x + 2. Determine g(l).
8
Suppose -106 = -3*q - 91. Let f(l) = -4*l + 4. Calculate f(q).
-16
Let r = 2 - 3. Let j = 4 + r. Let p(k) be the second derivative of k**4/6 - k**3/2 - 2*k**2 + 12*k. Determine p(j).
5
Let t = -4 - -6. Let l(d) = 2*d**3 - 4*d**2 + 3*d. Calculate l(t).
6
Let u(k) = 1 - 6*k**2 + 2*k**2 + k + 0*k**2. Let i be 0 - (-5)/((-5)/3). Let y be -1 - 0*i/6. What is u(y)?
-4
Let j(u) = u - 4. Let l(z) = -z - 3. Let y be l(-7). Suppose 1 = -s + y. Suppose s*r = -2*r - 20. What is j(r)?
-8
Let p(z) = -5*z + 5. Let q(d) = 27*d - 24. Let v(n) = 11*p(n) + 2*q(n). Suppose -8 - 7 = 3*f. Determine v(f).
12
Suppose 2*v = -3*v. Suppose v = f - 2 - 3. Let t(p) be the second derivative of -p**3/3 + 7*p**2/2 - 2*p. What is t(f)?
-3
Let s(g) = 2*g**3 + 9*g**2 - 10*g - 5. Let w(x) = 3*x**3 + 9*x**2 - 11*x - 6. Let a(j) = -4*s(j) + 3*w(j). Determine a(8).
-6
Let x(a) = 8*a - 7. Let h(u) = -8*u + 8. Let s(i) = -6*h(i) - 7*x(i). What is s(-1)?
9
Let s(i) = -i**3 + 2*i**2 - i - 1. Let g(p) = -6*p**3 + 4*p**2 - 6*p - 3. Let t(f) = g(f) - 5*s(f). Calculate t(-5).
-18
Suppose 0 = 2*o + 4*f - 20, 2*f = -2*o + 10 - 0. Let x(h) = h**2 + 5 + h - 4 + 2. Calculate x(o).
3
Let i(k) = -11*k**2 + 5*k + 9. Let z be 30/9*(-3)/(-2). Let c(m) = 7*m**2 - 3*m - 6. Let j(l) = z*i(l) + 8*c(l). Calculate j(0).
-3
Let a(i) = i + 1. Let r = -5 + 6. Let l(k) = -4*k. Let s(n) = r*l(n) + 3*a(n). Determine s(5).
-2
Let n(d) be the first derivative of -d**2/2 + 5*d - 16. Determine n(-4).
9
Let o(f) = -17*f**2 - 2*f + 3*f + 3*f + 16*f**2. Calculate o(6).
-12
Let p(d) = -d - 2. Suppose 3*t + t + 16 = 0. Calculate p(t).
2
Let l(a) = 3*a**2 - a**3 - 3 - a + a + 6*a. Let i(p) = -p**3 - 12*p**2 + 11*p - 22. Let f be i(-13). Determine l(f).
5
Let j = 1 + -6. Let l(o) = 13*o**3 + 21*o**2 - 11*o - 20. Let r(u) = -7*u**3 - 11*u**2 + 6*u + 11. Let w(t) = -6*l(t) - 11*r(t). Give w(j).
-1
Let h(d) = d**3 - 5*d**2 + 5*d - 4. Let g be h(4). Suppose g = -2*f + 5*f - 9. Let s = f - 4. Let u(w) = -7*w. Give u(s).
7
Let f(s) be the second derivative of -s**3/3 + s**2/2 - 17*s. Calculate f(-2).
5
Let l(s) be the second derivative of s**3/6 + s**2 + s. Let u be l(-4). Let j(x) = -3*x - 3. Determine j(u).
3
Let i(b) = -4*b**2 + 2*b - 8. Let x(y) = 3*y**2 - 2*y + 7. Let d(c) = 4*i(c) + 5*x(c). Let j(h) = h**2 - 3*h - 6. Let w be j(6). Let a = 9 - w. Determine d(a).
0
Suppose -20 = -7*r + 3*r. Let v(f) = f**3 - 4*f**2 - 7*f + 2. What is v(r)?
-8
Suppose 2*q + 2*r - 5*r + 9 = 0, 0 = -4*q + 2*r - 14. Let d(g) = g**3 + 3*g**2 - g - 1. Determine d(q).
2
Let q(j) = -j**2 + 11*j - 26. Let u be q(6). Let c be 4/(-6) - (-51)/9. Let i(l) = -2*l - c*l + l**2 + l + 3. Calculate i(u).
-5
Let j(u) be the first derivative of 4*u**3/3 + 1. Calculate j(1).
4
Let n(d) = d**2 - 4*d + 4. Let z(y) = 2*y**2 - y. Let s be z(2). Let b be (2/(-4))/(s/(-36)). Give n(b).
1
Let z(n) = n - 1. Let m(y) = -y**2 + 10*y - 3. Let u be m(9). Calculate z(u).
5
Let n(h) = 2*h**3 - 4*h**2 + 2*h. Let g be n(2). Let t(v) be the second derivative of -4*v - v**2 + 0 - 1/20*v**5 - 1/6*v**3 + 1/12*v**g. Give t(2).
-8
Let u(j) be the first derivative of -j**4/4 + 4*j**3/3 - 3*j**2/2 + 5. What is u(3)?
0
Let x(a) = -7*a**3 + 3*a**2 - 3*a + 10. Let f(p) = -13*p**3 + 6*p**2 - 5*p + 19. Let l(n) = -6*f(n) + 11*x(n). Suppose 7*g = 24 + 4. Give l(g).
0
Let o(n) = -5*n**2 + 161*n - 156*n + 4*n**2. Let t(y) = y**3 - 3*y**2 - y + 3. Let k be t(3). Suppose 3*r - 14 + 2 = k. Determine o(r).
4
Let k(l) = 1. Let u(g) = 6*g - 6. Let n(w) = 5*k(w) + u(w). Suppose 3*c + 8 = -4*p - c, 5*c + 10 = 4*p. Suppose p = -3*j + 2*j - 1. What is n(j)?
-7
Let c(u) be the second derivative of 1/12*u**4 + 0 - 2*u**2 + 0*u**3 - u. Let w be c(-3). Let t(r) = r**2 - 4*r + 2. Determine t(w).
7
Let v be 6/21 + (-12)/(-7). Let t(h) = -2*h + 2*h**2 - h**2 - 1 - 2*h + 5*h. Determine t(v).
5
Let k(y) be the first derivative of -2*y**2 - 2*y + 1/12*y**4 + 1/6*y**3 + 2. Let v(b) be the first derivative of k(b). What is v(0)?
-4
Let x(w) = 2 + 0*w - 17 + w + 8. What is x(0)?
-7
Let n(c) = -c**3 - 4*c + 0*c**3 + 2*c**3 + 5*c**2 + 7. Suppose 126 = -16*y - 5*y. What is n(y)?
-5
Let q(x) = -x**3 - 2*x**2 + 2*x - 3. Let v(g) = -2*g - 6. Let y be v(-7). Let d = -5 + y. Let a = 0 - d. Determine q(a).
0
Let i(g) be the first derivative of -g**4/24 + 4*g**3/3 + 3*g**2/2 + 4. Let s(a) be the second derivative of i(a). What is s(4)?
4
Suppose 3*j + 36 = -j. Let x be (12/j)/(1/3). Let a(l) = l**2 + 4*l - 2. Calculate a(x).
-2
Let h(o) = o**3 + 4*o**2 - 6*o - 3. Let u = 1 + -1. Let v be 275/10 + (-1)/(-2). Suppose 5*r - 3*b + v = u, 5*r - r + 4*b = -16. Determine h(r).
2
Suppose -4*g + 13 = -3*i, 3*g = -4*i + 5*g - 4. Let m(p) = -2*p**2 - p**3 - 7*p**3 + 3*p**2. Determine m(i).
-7
Suppose -1 = 2*o - 3. Let s(g) = 12*g**3 - g**2. Determine s(o).
11
Let f(l) = l**2 - 7*l + 2. Let a be (-18)/117 + (-160)/(-26). What is f(a)?
-4
Let q(g) be the second derivative of 13*g**3/6 + g**2/2 - 17*g. What is q(-1)?
-12
Let w(r) be the third derivative of r**5/12 - r**4/24 - 7*r**2. Let d = 2 + -1. What is w(d)?
4
Let s(w) be the second derivative of -w**5/20 + w**4/3 + 2*w**3/3 + 3*w**2 - 2*w. Let z = -31 + 36. Calculate s(z).
1
Let z(k) = k**3 - 1. Let c be -3*(-3)/(-9) + 3. Calculate z(c).
7
Let z(y) = y**2 + 5 - 4*y + 4*y. Let a be z(0). Let b(j) = j - 3. Calculate b(a).
2
Let u(b) = b**2 + 2. Let z be u(0). Let g be (3/z)/((-3)/(-6)). Let x be 0 - g/(6/(-10)). Let l(j) = j**2 - 3*j - 4. Give l(x).
6
Let p(w) = 19*w - 1. Let g be p(3). Let j be (3/4)/((-7)/g). Let z(o) = -2 + o**3 + 2*o**3 - 6*o**2 - 4*o**3. What is z(j)?
-2
Let i(u) be the third derivative of -u**5/60 - u**3 - 11*u**2. Give i(0).
-6
Let x(z) be the third derivative of 0 + 0*z + 1/24*z**4 - z**2 + 7/6*z**3. Let f = 0 - 0. Determine x(f).
7
Let l(b) = -b**2 + 3*b - 27. Let w(k) = 3*k**2 - 10*k + 81. Let u(t) = -7*l(t) - 2*w(t). Determine u(0).
27
Let t(d) = d + 13*d**3 - 6 - 28*d**3 + 16*d**3. Calculate t(0).
-6
Let n be -1*(4 - (-1 + 2)) - 1. Let w(f) = f**3 + 5*f**2 + 2*f + 3. Determine w(n).
11
Suppose 3*w + 0*w = -4*o - 12, w = -5*o - 15. Let h = -6 - w. Let x(p) = p**2 + 7*p - 3. Let l(m) = -1. Let y(s) = -3*l(s) + x(s). What is y(h)?
-6
Let q = 0 + -1. Let y(h) be the second derivative of 3*h**5/20 + h**3/6 - 3*h. Calculate y(q).
-4
Let p be (-4)/6 - (-106)/6. Suppose -2*x = -4*d - 76, -x = -2*d + d - p. Let s be d/6 + (-2)/4. Let n(w) = -w**3 - 5*w**2 - 4*w + 5. What is n(s)?
5
Let p(d) = -6*d. Let v = -106 + 105. Determine p(v).
6
Let b = -7 + 5. Let f be ((-6)/8)/(b/8). Let s(d) = 2*d**2 - 2*d - 4. Calculate s(f).
8
Suppose 4*t = 1 + 7. Suppose 0*v + t*h - 4 = -3*v, 2*v + h = 3. Let b(q) = -4*q**3 - 3*q**3 - 3*q**v + 1 + 5*q**3. Determine b(-2).
5
Let w(m) = m - 3. Suppose -2 = 4*t - 18. Give w(t).
1
Let v(c) = c**3 + 0*c + c + 3 + 0*c + 5*c**2. Calculate v(-5).
-2
Let a be 4/2 + (8 - 5). Let u(l) = 0*l**2 + a*l + l**2 - 3 + 1 - 6. Give u(-6).
-2
Let z(k) = -2*k - 5. Let l be 1/4 + 25/(-4). Determine z(l).
7
Let f(i) = 9*i + 1 + 2*i**2 - 3*i**2 - 15*i. Suppose 2*v - 24 = 6*v. Calculate f(v).
1
Let c be (-2)/(-3)*(1 - 4). Let y(j) be the second derivative of 1/2*j**2 + 7*j + 1/6*j**4 + 1/2*j**3 + 0. Calculate y(c).
3
Let f(o) be the second derivative of -o**3/6 - 15*o**2/2 + 5*o. Let v(s) = -2*s - 29. Let r(k) = -5*f(k) + 3*v(k). What is r(-6)?
-6
Suppose 0 = -3*b - 8 + 5. Let c(n) be the second derivative of n**7/1260 + n**6/720 - n**4/12 - 2*n. Let d(o) be the third derivative of c(o). Determine d(b).
1
Let g(z) = -z**3 + 2*z**2 + z + 2. Let v(f) = -f**3 + f**2 + f + 1. Let p(d) = -g(d) + 2*v(d). Let r be (-2)/5 - 2/(-5). Let t = 1 - r. What is p(t)?
0
Suppose -2*o - 2 = -m, 2*m + o = 6*o + 9. Let i be (-21)/6 - 4/m. Let u(z) be the first derivative of -z**3/3 - 5*z**2/2 - 4*z - 1. Calcul